pose -120 + 20 = -4*w. Calculate the highest common divisor of w and 25.
25
Suppose 20 = -3*x - 2*x, -w + 5*x = -23. Let f(m) = 0 + 2 + 3*m**w - 3*m - 2*m**3 + 6*m**2 - 6. Let k be f(-6). Calculate the highest common factor of 14 and k.
14
Let k(h) = -h**3 - h**2 + 2. Let n be k(-2). Let b be ((-60)/35)/((-2)/21). What is the greatest common divisor of b and n?
6
Let p = -56 - -58. Calculate the highest common divisor of 24 and p.
2
Let b be (-5)/(-2)*230/25. Suppose 0 = 2*h + 5*m - b, m + m - 6 = 0. Calculate the highest common factor of h and 36.
4
Let o = -130 + 220. Let x(g) = -g + 5. Let h be x(-5). What is the greatest common factor of o and h?
10
Suppose 5*m + 0*m = 2*g + 75, 4*g = -2*m - 162. Let j = g + 70. Calculate the greatest common factor of j and 12.
6
Suppose 0 = -2*x - 4*f + 64, -4*x - 3*f + 69 = -49. Calculate the highest common divisor of 4 and x.
4
Let w(g) = 3*g**3 + 2*g**2 - g - 2. Let n be w(-2). Let s be (-644)/n - (-2)/(-8). What is the greatest common divisor of s and 20?
20
Let w = 4 - 10. Let l be (-14)/(-3)*w/(-4). What is the greatest common factor of l and 7?
7
Let a = -3 + -2. Let f be ((-3)/a)/(3/45). What is the greatest common divisor of 1 and f?
1
Suppose -5*r - 35 = -3*v, 53 = -2*v + 5*v + 4*r. Let o = -12 - -17. What is the greatest common factor of o and v?
5
Suppose 0 = 4*j - 20, 0 = -c + 2*c + j - 19. Calculate the highest common divisor of c and 56.
14
Let k be 2 - 33/(-6)*10. Let j = k + -41. Let y = 404 + -228. What is the greatest common divisor of j and y?
16
Let i(w) = w**3 + 7*w**2 + w - 3. Let j be i(-5). Let k = -22 + j. Let c(q) = q**2 + 4*q - 2. Let n be c(-6). What is the greatest common divisor of n and k?
10
Let h = -86 - -102. Calculate the highest common divisor of h and 112.
16
Let m be (4/((-4)/(-3)))/1. Suppose -9 + 159 = m*f. Suppose x + 0*x - f = 0. What is the highest common divisor of 10 and x?
10
Suppose 0*f - 2*f + 111 = 3*d, 0 = -2*f - d + 101. What is the greatest common divisor of f and 72?
24
Let z be (1*-17)/(2/(-70)). Let l = -348 + z. Suppose 5*n + 2*c = l, 2*n - 39 = n - 3*c. Calculate the greatest common factor of 17 and n.
17
Suppose 2*d - 1 = -5. Let n be -2 - -18 - (-1 - d). What is the highest common factor of 5 and n?
5
Suppose -n = n + 2*w - 42, -4*w = -2*n + 60. Let o = 3 + 5. Calculate the highest common factor of o and n.
8
Suppose 3*g + 4*v - 44 = 0, g + 0*g - 22 = -5*v. Calculate the greatest common divisor of 108 and g.
12
Let a be (-3)/(-2)*(-1 + 5). Let c(i) = 12*i. Let z be c(4). Calculate the highest common divisor of a and z.
6
Suppose -3*z - 4*v + 515 = -2*v, -4*v = -3*z + 545. What is the greatest common divisor of 70 and z?
35
Suppose 2*h - 8 = -0*h, -5*t - 2*h + 53 = 0. Calculate the highest common factor of t and 1.
1
Suppose 2*b - 3*l - 12 = l, 4*b - 31 = l. Suppose -2*z + 156 = 2*w, 40 = z + 4*w - 32. What is the highest common factor of z and b?
8
Let o be (5 + 17)*1/2. Calculate the highest common factor of o and 11.
11
Let n be 2/5 - (-33)/5. Suppose 25 = -2*k - n. Let c = k - -25. Calculate the highest common divisor of 3 and c.
3
Suppose i + 2*i = 744. Let n = 383 - i. What is the highest common factor of n and 15?
15
Suppose 0 = -4*g - 8, 2*g = -r + 105 + 62. What is the highest common divisor of 19 and r?
19
Suppose -49 - 26 = -5*b. Suppose 4*q = 7*q - 15. What is the greatest common factor of b and q?
5
Let j(t) = 2*t**2 - 2*t - 18. Let a be j(-8). What is the highest common factor of 18 and a?
18
Let y = -37 + 52. Suppose -14*a + 2433 - 543 = 0. What is the highest common divisor of y and a?
15
Let u be ((-5)/10)/(1/(-2)). Let x(h) = 5*h**2 - h. Let m be x(u). Let t be m/(-2) - (1 - 14). What is the highest common divisor of 11 and t?
11
Let x = -3 + 6. Suppose 0*f = -x*f - 267. Let z = -47 - f. What is the greatest common divisor of z and 6?
6
Let d = -1 + 5. Let h be -4*((-70)/d - -1). Let y(r) = -r**2 + 7*r. Let l be y(6). What is the greatest common factor of h and l?
6
Suppose -5*w + 20 = -3*w. What is the greatest common divisor of w and 5?
5
Let a(n) = -165*n**3 + n**2 - 1. Let v be a(-1). Suppose -4*l + t = -v, 4*l - 5*t = 1 + 184. Calculate the greatest common factor of 5 and l.
5
Let a(u) = 5*u - 10. Let t be a(6). Calculate the highest common factor of t and 12.
4
Let b = -65 + 110. Suppose 4*s = 15 + b. Calculate the highest common factor of 30 and s.
15
Let y(j) = -2*j + 4*j - j**2 - 4*j**3 + 3*j**2 + 1. Let q(r) = -r**2 - 6*r + 6. Let i be q(-7). Let f be y(i). What is the greatest common factor of f and 35?
5
Suppose -1 - 19 = y + 2*b, -5*b - 36 = 2*y. Let v = -8 - y. Calculate the highest common factor of 20 and v.
20
Suppose 3*v - 6 = 9. Suppose -4*k + 70 - 6 = v*g, -5*k = 20. Suppose -2*f - r = -34, -r - 30 = -2*f - 0*r. Calculate the highest common factor of f and g.
16
Let h be 4228/22 + (-4)/22. Suppose -2*d + h = -3*d. Let k be d/(-15) + 2/10. What is the highest common factor of 26 and k?
13
Suppose -5*d + 11 + 6 = 2*h, 3*d = 5*h + 35. Let w = 9 - 4. Suppose 13 = f + d*y, 0 = -w*f + 2*y + 22 + 43. What is the greatest common factor of f and 65?
13
Let x(m) = 89*m**2 + m + 2. Let r be x(2). Suppose 2*z - r = -3*z. Calculate the highest common divisor of z and 8.
8
Let c = 6 + -6. Suppose c = -0*n - 3*n + 150. Calculate the highest common divisor of 5 and n.
5
Let q(k) be the first derivative of k**4/4 + 8*k**3/3 + k**2 - 5*k - 2. Suppose -s = 4*s + 35. Let f be q(s). What is the highest common factor of 75 and f?
15
Let m = 10 - 2. Suppose m + 25 = 3*t. Suppose 0 = -2*s + 180 + 18. Calculate the highest common divisor of s and t.
11
Let p(x) = 25*x**2 + 4*x - 12. Let k be p(3). What is the highest common factor of 25 and k?
25
Suppose 0*a - 5*t - 28 = a, 4*a + 76 = -2*t. Let p = 31 + -64. Let u = a - p. What is the greatest common factor of 10 and u?
5
Let f be (-1)/(-1) + (-21)/(-3). What is the highest common factor of f and 56?
8
Suppose -y = -4*y + 12. Let r(n) = n**3 - 5*n**2 + 12. Let x be r(5). Calculate the greatest common factor of x and y.
4
Suppose -3*i - 4*z = -5*i + 132, 4*z + 324 = 5*i. Suppose 3*n - 3*r = 210, 4*n - i - 176 = -4*r. Calculate the greatest common factor of 13 and n.
13
Suppose -3 = r - 4*o, -5*r + 7 = 4*o - 2*o. What is the greatest common divisor of r and 2?
1
Suppose 2*h = -4*l - 0*l, -15 = -3*h - l. What is the highest common divisor of h and 48?
6
Let f(o) = o**2 - 5*o + 1. Let m be f(5). Suppose -3*j = -11 - 4. What is the greatest common divisor of m and j?
1
Let o(s) = -4 - 7*s**3 - 3 + 3 + 3 - s. Let j be o(-1). Calculate the highest common factor of 49 and j.
7
Let m(u) = u**2. Let j be m(-6). What is the highest common factor of 9 and j?
9
Let u = -2 + 4. Let o(s) = s**2 + 2*s - 2. Let g be o(u). Calculate the highest common factor of 30 and g.
6
Suppose 64 = 5*d - d. Let u be (-244)/28 + 4/(-14). Let w = 17 + u. Calculate the highest common factor of d and w.
8
Let v be -10 - ((1 - -1) + -2). Let r be 6/15 + (-76)/v. What is the greatest common factor of 16 and r?
8
Let l be (-12 - (-1 - 1))*-1. What is the greatest common factor of 80 and l?
10
Suppose -t - 179 = g + 4*t, -3*t - 189 = g. Let o = g + 347. Let u = -10 - -23. Calculate the highest common factor of o and u.
13
Let z be (6 - 6)/(0 - 1). Suppose q - 3*k - 14 = 31, z = 2*q - 4*k - 100. Calculate the highest common divisor of 40 and q.
20
Let i = 15 - 11. Calculate the greatest common divisor of 32 and i.
4
Let f(d) be the second derivative of -13*d**3/6 + d**2/2 - 3*d. Let c be f(-1). Calculate the highest common divisor of c and 98.
14
Let g(a) be the second derivative of a**4/12 - 3*a**3/2 - 3*a**2 - 4*a. Let k be g(11). What is the greatest common factor of k and 128?
16
Let j(i) = 2*i**2 + 4*i + 3. Let z = 3 - 6. Let t be j(z). Calculate the greatest common divisor of t and 36.
9
Let d be 11/(-3 + (5 - 1)). Calculate the highest common divisor of d and 1.
1
Let c = 4 + -2. Suppose 74 = 5*s + x - c*x, 3*s = x + 46. What is the highest common factor of 70 and s?
14
Let a be (51 - 23)*4*1. Calculate the greatest common factor of 16 and a.
16
Let d be 4/8 - (-94)/4. Suppose x = -x + d. Suppose 3*q = 51 + x. What is the highest common factor of 84 and q?
21
Let b be -1 - (-1 - -2) - -101. Calculate the highest 